61
Suppose 83 + 96 = -a. Let d(t) = 2*t**2 + 10*t + 342. Let j be d(0). Let f = j + a. What are the prime factors of f?
163
Suppose -17 = -9*i + 28. Suppose 3*g + i*g + 32 = 0. What are the prime factors of g + (102 - (-5 + 8))?
5, 19
Let a be (2 - (5 - 268)) + 3. Let s = a + 554. List the prime factors of s.
2, 3, 137
Let x be (8 - 6)*(-18)/(-2). Suppose 4 = -4*o - 4. List the prime factors of o + (1 - 3) + x.
2, 7
Let n(q) = -q**3 - 14*q**2 - 49*q - 32. Let s(p) = 4*p**3 + 41*p**2 + 152*p + 96. Let u(m) = -7*n(m) - 2*s(m). List the prime factors of u(16).
2, 41
Suppose 17*n - 591 = 16*n. List the prime factors of n.
3, 197
Suppose -2*m + 14 + 0 = 5*h, -5*h = -2*m - 26. Suppose -1 = -z + 2, -h*n + 1510 = -2*z. List the prime factors of n.
379
Let p = 3605 + -167. Suppose -p = -7*o - 372. List the prime factors of o.
2, 3, 73
Let i(h) = h**3 + h**2 - 10*h - 1. Let z be i(3). Suppose z*t - 2*c - 1367 - 2028 = 0, 4*t - 2704 = 4*c. What are the prime factors of t?
3, 227
Suppose -2*n + 193 = 4*a - 25403, 5*n = 10. What are the prime factors of a?
2, 7, 457
Let u(o) = -22*o + 10. Let h be u(-2). List the prime factors of 14136/h - (3 - 58/18).
2, 131
Let q be (24/(-16))/((-3)/26). Let u = -13 + q. Suppose 3*d - 122 = -5*o - u*d, 8 = 2*d. List the prime factors of o.
2, 11
Suppose 2*a = 5*d + 35262, 52931 = 3*a + 61*d - 59*d. What are the prime factors of a?
13, 23, 59
Suppose -79020 - 453320 = -10*s. What are the prime factors of s?
2, 43, 619
Let h(o) = 12*o**2 - 4*o + 17. Let c be h(-7). Let b = c - 418. What are the prime factors of b?
5, 43
Let j(o) = -2082*o**3 - o**2 + 12*o + 43. List the prime factors of j(-3).
2, 13, 23, 47
Suppose 9562*k - 9563*k + y = -67101, -6 = 3*y. List the prime factors of k.
17, 3947
Suppose -11*p = -7*p + 7*p - 148533. What are the prime factors of p?
3, 7, 643
Let r(x) = 30*x**2 + x + 6. Let l(h) = 30*h**2 + 2*h + 5. Let v(t) = 3*l(t) - 2*r(t). What are the prime factors of v(-1)?
29
Let i(o) = 10*o - o + 0*o + 11. Let z = -2581 + 2581. What are the prime factors of i(z)?
11
Let y(j) = j**2 + 23*j - 265. Let z be y(9). Suppose -30*m + 9660 = -z*m. What are the prime factors of m?
2, 3, 5, 23
Let i(g) = -g**3 - 11*g - 3. Suppose -4*y = 4*o - 48, 6*o - 4*o = 10. Let l be i(y). What are the prime factors of l/(-3) + -3*1 - 3?
3, 5
Suppose 0 = 3*z + 12, -a - 2*a = 4*z + 4. What are the prime factors of 256 + a + 0 - -4?
2, 3, 11
Suppose -11*v + 26*v - 10*v - 3730 = 0. What are the prime factors of v?
2, 373
What are the prime factors of ((-11)/(-44))/((-73957)/(-49304) - (-12)/(-8))?
2, 6163
Let g(j) = j**2 - j - 4. Let n be g(3). Suppose 756 = 2*c - 4*u, -2*c + 1142 = c + n*u. Suppose 11*x - 15*x + c = 0. List the prime factors of x.
5, 19
Let n = -282 + 497. Let c = -141 + n. List the prime factors of c.
2, 37
Suppose 0 = -x + 2, 4*x - 22836 - 832 = -5*b. List the prime factors of b.
2, 7, 13
Suppose 29*v + 73144 = 193*v. Let x be 2/2*-1 + 5. Suppose 50 + v = x*z. What are the prime factors of z?
2, 31
Suppose -10383 = -3*v + 2*d + 4305, 0 = -2*d. Suppose -13*h + v = -5*h. List the prime factors of h.
2, 3, 17
List the prime factors of (-20496)/(-5)*(32 + (-608)/24).
2, 7, 61
Let m(n) be the second derivative of -n**3 + 0 + n - 1/12*n**4 - 1/2*n**2. What are the prime factors of m(-3)?
2
List the prime factors of (-9)/(-1)*(-82)/82 - -54060.
3, 43, 419
Let v(q) = 20*q**2 + 15*q - 94. Let l be v(7). Suppose -85 = -h + l. What are the prime factors of h?
2, 269
Suppose 2968 = 5*q - 1547. Suppose -2*c + 3682 = 4*t, 0 = -3*t + 4*t + 4*c - q. What are the prime factors of t?
13, 71
Let o = -429 + 442. Suppose -18*p = -o*p - 3950. List the prime factors of p.
2, 5, 79
Let g(z) = 539*z + 1549. What are the prime factors of g(21)?
2, 3217
Suppose 27*t - 3689 = -4*t. What are the prime factors of (-16 - -5)/((-7)/t)?
11, 17
Suppose l - 5*d - 45 = 0, 4*l + 2*d = 7*d + 165. What are the prime factors of (l/3)/(6/1116*4)?
2, 5, 31
Suppose 2*f - 4*i + 558 - 5264 = 0, 5*f = 2*i + 11717. What are the prime factors of f?
2341
Let p be (-1)/(7/2) - (-37)/7. Let u(a) = 6*a - 92. Let k(n) = n. Let j(r) = p*k(r) - u(r). List the prime factors of j(0).
2, 23
Let l be 0 + 2 + 5 + (-1317)/(-3). Let u = l - 95. List the prime factors of u.
3, 13
Let t be (-866)/(-4) + (3 - 20/8). Suppose -t = -5*g + 478. List the prime factors of g.
139
Suppose 27*i - 211961 - 66895 = 0. List the prime factors of i.
2, 1291
Let b = 34348 + -5100. What are the prime factors of b?
2, 457
Let s(f) = -f**2 + 104*f - 81. What are the prime factors of s(30)?
3, 23, 31
What are the prime factors of (-27)/(-9) - -12*348?
3, 7, 199
Let b(o) = 22*o**2 + 19*o - 45. Let j be b(9). Suppose -162*u - j = -166*u. List the prime factors of u.
3, 53
Let v = -30 - -42. Suppose -4*b + b = -v. Suppose 0 = -b*a + 10*a - 810. What are the prime factors of a?
3, 5
Let m be (-47)/5 - 28/(-70). What are the prime factors of (6/m)/(13/(87555/(-10)))?
449
Let b(y) = -3*y**2 - 90*y - 69. Let q be b(-29). What are the prime factors of 3/(q/1986)*2?
2, 331
Let c(z) = -54*z + 2955. What are the prime factors of c(24)?
3, 7, 79
Let s = 4620 - 3996. List the prime factors of s.
2, 3, 13
Let l(r) = 43*r - 79. Let q be l(4). Suppose q*n + 2424 = 97*n. List the prime factors of n.
2, 3, 101
Let m = -212 + 213. Let z(b) = 163*b - 7. What are the prime factors of z(m)?
2, 3, 13
Let m(t) = 80*t**2 + 5*t - 8. Suppose 4*g - 16 = -y, -2*g - 3*y + 2 = -16. What are the prime factors of m(g)?
727
Let u be (-1663)/5 + (-10)/25 + 0. Let c = u + 525. Let i = c - 42. List the prime factors of i.
2, 3, 5
Let y(h) = 6*h**3 - 7*h + 15. Let l(v) = -v**2 + 7*v - 9. Let j be l(3). List the prime factors of y(j).
2, 3, 13
Let l be (21/9 + -2)/((-1)/(-99)). Let v = l - 28. Suppose -108 = -m + v*y, -3*y - 104 = -3*m + 2*m. List the prime factors of m.
2, 7
Let q be (-1 - -8)/(-4 - (-5 + 0)). Suppose -20 = q*c + 36. What are the prime factors of 6*2/c*-22?
3, 11
Let c(i) = -10*i + 176. Let p be (4/((-8)/3))/((-3)/(-4)). Let n(r) = 2*r - 35. Let g(x) = p*c(x) - 11*n(x). List the prime factors of g(6).
3, 7
Suppose -91464 = 171*g - 175*g. List the prime factors of g.
2, 3, 37, 103
List the prime factors of 20622/(-8)*-1*7/((-21)/(-40)).
2, 5, 7, 491
Suppose -11*a = -14*a. Let k be 4 + (2 - -1169) + (a - -3). Suppose -k = q - 20*q. What are the prime factors of q?
2, 31
Let v(l) = 4*l + 80. Let o be v(-21). List the prime factors of (1398/9)/(o/(-12)).
2, 233
Let l(w) be the first derivative of 5*w**3/3 - 79*w**2/2 + 78*w - 105. What are the prime factors of l(25)?
2, 307
Let j(v) = 17*v - 171 + 28*v - 82*v. What are the prime factors of j(-10)?
199
Let y(f) = -504*f + 1702. What are the prime factors of y(-5)?
2, 2111
Let j(p) = 102*p - 1054. What are the prime factors of j(81)?
2, 17, 53
Suppose 5*u + 4*p - 9759 - 6652 = 0, 6 = -p. What are the prime factors of u?
19, 173
Suppose -50*d + 107*d - 48*d = 122166. What are the prime factors of d?
2, 11, 617
Let y = -387 - -1605. Let h = y - 523. What are the prime factors of h?
5, 139
List the prime factors of (1 - 503)*-1*31/(62/295).
5, 59, 251
Let b = -348 - -205. Let c be b/(-33) - 1/3. Suppose 2*n - n = -y + 24, y + 121 = c*n. What are the prime factors of n?
29
Suppose 2*a + 4*s = 10, 2*a = -10*s + 8*s + 8. Let v = -6 - -11. Suppose -d + v*k + 25 = 0, 5*d + a*k - 9 = -k. What are the prime factors of d?
5
Let l = 160810 - 110476. List the prime factors of l.
2, 3, 8389
Let i(k) = -k**2 + 12*k - 12. Let b be i(8). Suppose -4*l - 4*a = -2780, -2*a - 680 = b*l - 21*l. List the prime factors of l.
2, 3, 5, 23
Let s(t) = 46 - 113 + 50 - 2*t. Let i = -27 + 17. What are the prime factors of s(i)?
3
Suppose h = -4*u, 4*u - 6 = 4*h - 66. List the prime factors of (-8)/h - 6700/(-15).
2, 223
Let j be 1/(-3)*14*(-540)/70. Let l be (-7 - j)*(-1 - 0). Let g = l - -28. List the prime factors of g.
71
Let d(x) = -x**3 - 9*x**2 - 7*x - 4. Let g be d(-10). Let m = -97 + g. Suppose -3*n + m = -105. What are the prime factors of n?
2, 29
Let u be (112/24 - 3)*3. Let m(b) = 12*b**2 + 25*b - 24. List the prime factors of m(u).
401
Let o be 30/50 + (-22)/(-5). Suppose 4*x = -8*k + 12*k + 2092, 3*x - 1561 = -o*k. What are the prime factors of x?
2, 3, 29
Let i(f) = 4*f**2 + 10*f 